 541
List the prime factors of 19261.
11, 17, 103
What are the prime factors of 18866?
2, 9433
List the prime factors of 57816.
2, 3, 11, 73
List the prime factors of 81540.
2, 3, 5, 151
What are the prime factors of 8200?
2, 5, 41
What are the prime factors of 460?
2, 5, 23
What are the prime factors of 24788?
2, 6197
List the prime factors of 23030.
2, 5, 7, 47
List the prime factors of 6773.
13, 521
What are the prime factors of 4285?
5, 857
List the prime factors of 56738.
2, 11, 2579
List the prime factors of 362.
2, 181
List the prime factors of 29204.
2, 7, 149
What are the prime factors of 23522?
2, 19, 619
What are the prime factors of 3860?
2, 5, 193
List the prime factors of 26958.
2, 3, 4493
What are the prime factors of 49356?
2, 3, 457
What are the prime factors of 364?
2, 7, 13
What are the prime factors of 2269?
2269
List the prime factors of 6490.
2, 5, 11, 59
List the prime factors of 514.
2, 257
What are the prime factors of 20528?
2, 1283
List the prime factors of 24837.
3, 17, 487
List the prime factors of 3690.
2, 3, 5, 41
What are the prime factors of 60599?
7, 11, 787
List the prime factors of 2657.
2657
What are the prime factors of 6709?
6709
What are the prime factors of 132?
2, 3, 11
List the prime factors of 576.
2, 3
What are the prime factors of 13744?
2, 859
List the prime factors of 2113.
2113
What are the prime factors of 1420?
2, 5, 71
List the prime factors of 4266.
2, 3, 79
What are the prime factors of 16570?
2, 5, 1657
List the prime factors of 2692.
2, 673
What are the prime factors of 4813?
4813
What are the prime factors of 334?
2, 167
What are the prime factors of 4742?
2, 2371
What are the prime factors of 1847?
1847
List the prime factors of 55632.
2, 3, 19, 61
What are the prime factors of 7551?
3, 839
What are the prime factors of 60934?
2, 30467
What are the prime factors of 1534?
2, 13, 59
What are the prime factors of 3778?
2, 1889
List the prime factors of 7635.
3, 5, 509
List the prime factors of 3063.
3, 1021
What are the prime factors of 6931?
29, 239
List the prime factors of 4196.
2, 1049
What are the prime factors of 192?
2, 3
List the prime factors of 15842.
2, 89
List the prime factors of 6594.
2, 3, 7, 157
What are the prime factors of 17746?
2, 19, 467
List the prime factors of 17873.
61, 293
What are the prime factors of 32323?
32323
What are the prime factors of 477?
3, 53
List the prime factors of 35015.
5, 47, 149
List the prime factors of 5178.
2, 3, 863
List the prime factors of 8409.
3, 2803
List the prime factors of 2773.
47, 59
What are the prime factors of 101350?
2, 5, 2027
What are the prime factors of 7022?
2, 3511
List the prime factors of 30014.
2, 43, 349
List the prime factors of 94749.
3, 31583
What are the prime factors of 697?
17, 41
List the prime factors of 25.
5
What are the prime factors of 3603?
3, 1201
What are the prime factors of 5473?
13, 421
List the prime factors of 63850.
2, 5, 1277
What are the prime factors of 5063?
61, 83
What are the prime factors of 180816?
2, 3, 3767
List the prime factors of 338.
2, 13
What are the prime factors of 589?
19, 31
List the prime factors of 35488.
2, 1109
What are the prime factors of 60033?
3, 20011
What are the prime factors of 1382?
2, 691
List the prime factors of 96141.
3, 73, 439
What are the prime factors of 717?
3, 239
List the prime factors of 22.
2, 11
What are the prime factors of 284?
2, 71
List the prime factors of 1742.
2, 13, 67
What are the prime factors of 37673?
101, 373
What are the prime factors of 3945?
3, 5, 263
What are the prime factors of 3418?
2, 1709
What are the prime factors of 20796?
2, 3, 1733
List the prime factors of 900.
2, 3, 5
What are the prime factors of 166266?
2, 3, 3079
What are the prime factors of 3458?
2, 7, 13, 19
What are the prime factors of 29353?
149, 197
List the prime factors of 1516.
2, 379
List the prime factors of 10374.
2, 3, 7, 13, 19
List the prime factors of 652.
2, 163
List the prime factors of 10271.
10271
List the prime factors of 9670.
2, 5, 967
List the prime factors of 167862.
2, 3, 101, 277
List the prime factors of 6217.
6217
What are the prime factors of 563?
563
What are the prime factors of 21122?
2, 59, 179
List the prime factors of 80407.
80407
List the prime factors of 29101.
29101
List the prime factors of 57.
3, 19
What are the prime factors of 2316?
2, 3, 193
List the prime factors of 894.
2, 3, 149
List the prime factors of 21235.
5, 31, 137
List the prime factors of 1681.
41
What are the prime factors of 19889?
19889
What are the prime factors of 5338?
2, 17, 157
What are the prime factors of 4788?
2, 3, 7, 19
What are the prime factors of 86056?
2, 31, 347
What are the prime factors of 2661?
3, 887
List the prime factors of 5929.
7, 11
What are the prime factors of 1869?
3, 7, 89
What are the prime factors of 93555?
3, 5, 7, 11
What are the prime factors of 14163?
3, 4721
What are the prime factors of 1390?
2, 5, 139
List the prime factors of 9340.
2, 5, 467
List the prime factors of 1894.
2, 947
List the prime factors of 1794.
2, 3, 13, 23
List the prime factors of 23275.
5, 7, 19
What are the prime factors of 139255?
5, 27851
List the prime factors of 5084.
2, 31, 41
What are the prime factors of 553?
7, 79
List the prime factors of 6725.
5, 269
List the prime factors of 8935.
5, 1787
List the prime factors of 2025.
3, 5
List the prime factors of 121585.
5, 24317
List the prime factors of 921.
3, 307
What are the prime factors of 2857?
2857
List the prime factors of 696.
2, 3, 29
What are the prime factors of 1024?
2
What are the prime factors of 13211?
11, 1201
What are the prime factors of 63021?
3, 7, 3001
What are the prime factors of 159770?
2, 5, 13, 1229
List the prime factors of 3205.
5, 641
What are the prime factors of 49751?
13, 43, 89
List the prime factors of 8331.
3, 2777
What are the prime factors of 615?
3, 5, 41
What are the prime factors of 45907?
29, 1583
What are the prime factors of 2122?
2, 1061
What are the prime factors of 1312?
2, 41
What are the prime factors of 11745?
3, 5, 29
What are the prime factors of 1621?
1621
List the prime factors of 75733.
7, 31, 349
What are the prime factors of 1115?
5, 223
What are the prime factors of 13?
13
What are the prime factors of 2300?
2, 5, 23
What are the prime factors of 128914?
2, 43, 1499
List the prime factors of 2144.
2, 67
What are the prime factors of 805?
5, 7, 23
What are the prime factors of 302?
2, 151
What are the prime factors of 64243?
17, 3779
What are the prime factors of 6633?
3, 11, 67
What are the prime factors of 157632?
2, 3, 821
List the prime factors of 28628.
2, 17, 421
What are the prime factors of 206670?
2, 3, 5, 83
What are the prime factors of 148?
2, 37
List the prime factors of 53334.
2, 3, 2963
List the prime factors of 31775.
5, 31, 41
What are the prime factors of 2253?
3, 751
What are the prime factors of 127428?
2, 3, 7, 37, 41
What are the prime factors of 10602?
2, 3, 19, 31
List the prime factors of 302.
2, 151
What are the prime factors of 5022?
2, 3, 31
List the prime factors of 21.
3, 7
List the prime factors of 4358.
2, 2179
What are the prime factors of 837?
3, 31
List the prime factors of 45743.
149, 307
What are the prime factors of 26295?
3, 5, 1753
What are the prime factors of 1221?
3, 11, 37
What are the prime factors of 10369?
10369
What are the prime factors of 45951?
3, 17, 53
List the prime factors of 2996.
2, 7, 107
What are the prime factors of 71479?
71479
List the prime factors of 183.
3, 61
List the prime factors of 11357.
41, 277
List the prime factors of 14743.
23, 641
List the prime factors of 16976.
2, 1061
What are the prime factors of 589?
19, 31
List the prime factors of 60518.
2, 30259
List the prime factors of 13672.
2, 1709
What are the prime factors of 1468?
2, 367
List the prime factors of 1293.
3, 431
List the prime factors of 4103.
11, 373
List the prime factors of 15111.
3, 23, 73
List the prime factors of 13347.
3, 1483
What are the prime factors of 4902?
2, 3, 19, 43
List the prime factors of 43709.
109, 401
What are the prime factors of 7860?
2, 3, 5, 131
List the prime factors of 13926.
2, 3, 11, 211
List the prime factors of 62634.
2, 3, 11, 13, 73
List the prime factors of 61551.
3, 7, 97